pose -3*o + q - 40 = -4, 48 = -4*o + 4*q. Let c(h) = h**3 + 11*h**2 - 14*h - 16. Calculate the remainder when c(o) is divided by (-2)/(-1) - (-1 + 0).
2
Suppose -t = -6*t - 50. Suppose 0 = 4*i + 3*i + 98. Let z = t - i. Calculate the remainder when z is divided by 3.
1
Let q(c) = c**3 + 4*c**2 - 5*c + 3. Calculate the remainder when 44 is divided by q(-4).
21
Let y = 2 + 1. Suppose 7 = w - y*q - 9, -80 = -5*w + 3*q. Suppose 0*d + 92 = 2*d. What is the remainder when d is divided by w?
14
Calculate the remainder when 49 is divided by (-3 + 2)/((-4)/108).
22
Let z = -114 - -72. Let s be -2*(4 + -2 + z). Suppose -5*q + 99 = f, 2*f = -4*q + f + s. Calculate the remainder when 35 is divided by q.
16
Let y(m) = m**3 - 3*m**2 + 5*m - 5. What is the remainder when y(4) is divided by (-17)/(-34)*(-4)/1 - -19?
14
Let w be 1/((-5)/2)*-35. Suppose h = 3*h - w. What is the remainder when h is divided by -3*-1*(1 - 0)?
1
Let x(d) = d**3 + 10*d**2 - 3*d + 10. Calculate the remainder when x(-10) is divided by 21.
19
Let u(k) = 4*k**2 - 17*k + 2. What is the remainder when 49 is divided by u(5)?
15
Let b(o) = -3*o + 2. Let v be b(2). What is the remainder when 13 is divided by v + 9 - (0 + -3)?
5
Let b(g) = -g**2 - 8*g + 11. Let q be b(-9). Suppose -777 = -5*n - q*k, 622 = n + 3*n + 2*k. Suppose 6*v = v + n. What is the remainder when v is divided by 16?
15
Let l = 5 - 0. Suppose -3*j + 74 = -l*v, v - 10 = -j + 4. What is the remainder when j is divided by 5?
3
Let g = 27 - 14. Suppose d + 2 = -3*w + 24, w = 2*d + 5. Calculate the remainder when g is divided by w.
6
Let w(n) = n + 20. Let u be w(0). Let i = u - -12. Let l(m) = m + 19. Calculate the remainder when i is divided by l(-8).
10
Suppose 3 + 2 = -5*x. Let o(l) = -l + 1. Suppose -t + 0 + 2 = 0. What is the remainder when t is divided by o(x)?
0
Let j = -175 + 33. Let m = -90 - j. Suppose -3*f + 50 = 5*z - 29, -z - 85 = -5*f. What is the remainder when m is divided by f?
16
Let m(j) = 3*j**2 - 19*j + 12. Calculate the remainder when 48 is divided by m(7).
22
Let q = -12 - -10. Let d(a) = -3*a - 3. Calculate the remainder when d(q) is divided by 3.
0
Calculate the remainder when 11 is divided by 130/39 - 2/6.
2
Let m = -11 + 28. What is the remainder when 29 is divided by m?
12
Let x = 5 - 1. What is the remainder when 13 is divided by x?
1
Let c = 15 - 9. Suppose -2*y + 16 = 2*u - c*y, -2*y = -5*u + 64. What is the remainder when 25 is divided by u?
11
Suppose 5*n + 1 - 11 = 0. Suppose -n*h = 5 - 29. What is the remainder when h is divided by 5?
2
Let u = -25 + 72. What is the remainder when u is divided by 17?
13
Let w = 12 - 37. Let d = 48 - 4. What is the remainder when d is divided by 146/10 + (-10)/w?
14
Suppose 0*z = -3*f - 3*z + 48, -2*z - 58 = -3*f. Suppose 4*c - 5*c + 115 = 0. Let d = -63 + c. What is the remainder when d is divided by f?
16
Suppose 7*i - 3*v = 8*i - 18, -2*v - 175 = -5*i. Calculate the remainder when i is divided by 9.
6
Suppose 0 = 2*y + y - 51. What is the remainder when 233/7 - 4/14 is divided by y?
16
Let u(i) be the second derivative of i**4/3 - 5*i**3/6 + 3*i**2 + 2*i. Calculate the remainder when u(3) is divided by 6.
3
Suppose 0 + 16 = r. Let o be 0 + -2*1/2. What is the remainder when (o + -30)*(3 + -4) is divided by r?
15
Let b(g) = 21*g. Let h(a) = 85*a. Let w(d) = 15*b(d) - 4*h(d). Calculate the remainder when w(-1) is divided by 12 + 1 - 0/(-2).
12
Let j be 0 - -1*(-2 + 2). Calculate the remainder when (j - (-1 - 0)) + 11 is divided by 7.
5
Let p(k) = k + 6. Let m(f) = -f - 5. Let s(h) = 4*m(h) + 3*p(h). Let t be s(-6). Let o = t + 28. What is the remainder when o is divided by 11?
10
Suppose -f - 4*j + 9*j + 49 = 0, 3*j = f - 41. What is the remainder when 55 is divided by f?
26
Let h = 13 - 2. Suppose h*n - 6*n - 3*q = 71, -2*q = -4*n + 58. What is the remainder when n is divided by 9?
7
Let a(k) be the first derivative of 9*k**2/2 - 2*k + 2. Calculate the remainder when a(3) is divided by 14.
11
Let h be (1 - (-2)/(-2))/(-1). Let a = -19 - -40. Calculate the remainder when a is divided by ((-2 - h) + 0)*-4.
5
Let z(l) = 19*l - 101. What is the remainder when 36 is divided by z(6)?
10
Let u(w) = 2*w - 2. Let j be u(2). Suppose s = -j*s. Let m(v) = -v**2 + 7. Calculate the remainder when 19 is divided by m(s).
5
Let d(m) = -m**3 - m + 0 - 8 + 3 - 6*m**2 + 0*m. Calculate the remainder when (3/2)/(6/8) is divided by d(-6).
0
Let o = 71 - 40. Let s be o - (0/(-3))/1. Let l = -17 + s. What is the remainder when 27 is divided by l?
13
Let r be (4/6)/(6/27). Suppose 5*a + 87 = 3*t + 8, -r*t = -4*a - 65. What is the remainder when 9 is divided by 17/3 + a/21?
4
Calculate the remainder when 12 is divided by 40/(-15)*(0 - 3).
4
Suppose 0*i - i = 0, 10 = 2*m - i. Calculate the remainder when 17 is divided by m.
2
Let h(o) = 5*o**3 - o**2 - 5*o + 3. Let f be h(3). Suppose 3*l = 7*l - 224. Calculate the remainder when l is divided by (2*-1)/((-12)/f).
18
Suppose 105 = -5*z + 35. Suppose 5*a - 190 = -2*x, 3*a - 140 = x + 3*x. Let y = z + a. Calculate the remainder when y is divided by 7.
5
Let h = 12 + -7. Suppose -3*j + 75 = h*k, -4*k + 0*j + 73 = 5*j. What is the remainder when ((-28)/42)/((-2)/69) is divided by k?
11
Let b = -132 - -133. What is the remainder when 5 is divided by b?
0
Let n = 5 - -12. What is the remainder when 32 is divided by n?
15
Let z be 2/((-5)/(135/(-2))). Suppose -3*x - z = -0*x. Let k = x - -15. Calculate the remainder when 10 is divided by k.
4
Suppose 4*p + 2*z - 62 = -0*p, 34 = 2*p + 2*z. Calculate the remainder when 27 is divided by p.
13
Suppose 4*s + y = 2*s + 36, 3*s - 2*y = 68. Calculate the remainder when 23 is divided by (12/10)/(4/s).
5
Suppose -10 = 5*u, 3*q + 0*u = -u - 152. What is the remainder when 19 is divided by 13/(-39) + q/(-6)?
3
Let j = 9 + -3. Let f(o) = -o**2 - 9*o + 9. What is the remainder when f(-7) is divided by j?
5
Let g = 10 - 7. Let f be 38/8 - g/(-12). Suppose f*u - 49 + 9 = 0. What is the remainder when u is divided by 3?
2
Let r(j) = -12*j. What is the remainder when r(-5) is divided by 21?
18
Let r(k) = 3 + 0*k**2 - k**2 + k - 2. Let q(y) = 2*y**2 + 5*y + 6. Let z(f) = q(f) - 5*r(f). Calculate the remainder when 14 is divided by z(1).
6
Let y = -44 - -64. What is the remainder when 72 is divided by y?
12
Suppose y - 28 = -3*x, 5*y - 5*x = -8*x + 140. What is the remainder when 34 is divided by y?
6
Let h = -21 + 56. Calculate the remainder when h is divided by 13.
9
Suppose -37 = -0*z - z. Let r(b) = b**2 + 7*b + 1. Let s be r(-5). Let j = s - -22. Calculate the remainder when z is divided by j.
11
Let q = 63 + -35. Suppose -4*c = -c - 159. Calculate the remainder when c is divided by q.
25
Suppose -2*g + 49 = 3*w, -6*w = -w - 3*g - 69. Calculate the remainder when 164 is divided by w.
14
Suppose 4*x + 12 - 4 = 2*q, -4*x = 0. Suppose -3*a + q*j = -122, -73 = 2*a - 4*a + j. What is the remainder when a is divided by 18?
16
Calculate the remainder when 1 - (15/(-3) - 68) is divided by 19.
17
Let h(j) = 4*j - 7. Calculate the remainder when 100/6*6/2*1 is divided by h(5).
11
Let m(d) = 5*d**2 - 4*d - d + 3*d - 3 - d**2. What is the remainder when m(3) is divided by 14?
13
Let g = -5 - -7. Suppose -24 = 3*a + 4*u, -3*a + 2*u - 10 = a. Calculate the remainder when (a/(-6))/(g/39) is divided by 7.
6
Let d(i) = 16*i**2 - 2*i - 1. Calculate the remainder when 33 is divided by d(-1).
16
Let x be (-1)/(-1)*(9 - 2). Suppose q - i = 5, 2*q - 3*i = q + x. Calculate the remainder when 6 is divided by q.
2
Let d = 6 + -2. Suppose 5*h = -0*i + 2*i + 138, 111 = d*h - i. What is the remainder when h is divided by 10?
8
Let a = 21 + -5. Let m(p) = p**3 - 2*p**2. What is the remainder when a is divided by m(3)?
7
Let l be (1/2)/(4/24). Suppose 28 = 5*d + l. What is the remainder when 13 is divided by d?
3
Suppose 0 = -y - 2*c + 14, 2*y - 31 = -2*y - 3*c. Let w = 12 + -9. Calculate the remainder when y is divided by w.
1
Let b(f) = -3*f**3 + 6*f + 0*f**3 - 4*f**2 + 4*f**3 - 9 + 3. What is the remainder when b(4) is divided by 10?
8
Suppose 2*c - 30 - 44 = 0. Let j(z) = z**3 + 4*z**2 - 2*z + 11. Let f be j(-5). Calculate the remainder when c is divided by f - -21*6/9.
7
Let r(m) = -m**3 - 5*m**2 + m + 32. Calculate the remainde